{"id":3663,"date":"2026-03-05T17:05:23","date_gmt":"2026-03-05T16:05:23","guid":{"rendered":"https:\/\/sztif.hu\/?page_id=3663"},"modified":"2026-03-05T17:13:36","modified_gmt":"2026-03-05T16:13:36","slug":"kalman-zaborszky","status":"publish","type":"page","link":"https:\/\/sztif.hu\/en\/kalman-zaborszky\/","title":{"rendered":"K\u00e1lm\u00e1n Z\u00e1borszky<br>Managing Director, Artistic Director, and Principal Conductor of the Szent Istv\u00e1n Philharmonic Orchestra"},"content":{"rendered":"","protected":false},"excerpt":{"rendered":"","protected":false},"author":1,"featured_media":0,"parent":0,"menu_order":0,"comment_status":"closed","ping_status":"closed","template":"muvesz.php","meta":{"_acf_changed":false,"footnotes":""},"class_list":["post-3663","page","type-page","status-publish","hentry"],"acf":[],"lang":"en","translations":{"en":3663,"hu":133},"_links":{"self":[{"href":"https:\/\/sztif.hu\/en\/wp-json\/wp\/v2\/pages\/3663","targetHints":{"allow":["GET"]}}],"collection":[{"href":"https:\/\/sztif.hu\/en\/wp-json\/wp\/v2\/pages"}],"about":[{"href":"https:\/\/sztif.hu\/en\/wp-json\/wp\/v2\/types\/page"}],"author":[{"embeddable":true,"href":"https:\/\/sztif.hu\/en\/wp-json\/wp\/v2\/users\/1"}],"replies":[{"embeddable":true,"href":"https:\/\/sztif.hu\/en\/wp-json\/wp\/v2\/comments?post=3663"}],"version-history":[{"count":3,"href":"https:\/\/sztif.hu\/en\/wp-json\/wp\/v2\/pages\/3663\/revisions"}],"predecessor-version":[{"id":3668,"href":"https:\/\/sztif.hu\/en\/wp-json\/wp\/v2\/pages\/3663\/revisions\/3668"}],"wp:attachment":[{"href":"https:\/\/sztif.hu\/en\/wp-json\/wp\/v2\/media?parent=3663"}],"curies":[{"name":"wp","href":"https:\/\/api.w.org\/{rel}","templated":true}]}}

Kálmán Záborszky<br>Managing Director, Artistic Director, and Principal Conductor of the Szent István Philharmonic Orchestra
